 List the prime factors of d.
7
Let c = 6 + -3. Suppose 2*k - 26 = -q - k, k - 62 = -c*q. Suppose 0 = -2*h + 5*j + q + 6, 3*h + 2*j - 1 = 0. List the prime factors of h.
3
Suppose -g + 3*n = 6, 4*g + 0*g + 2*n = 32. List the prime factors of g.
2, 3
List the prime factors of 8/16 + 13/2.
7
Suppose 4 = 4*i - 2*i. Suppose 10 = 3*t - i. Suppose -2*y = -t*y + 3*c + 27, -4*y = -3*c - 57. List the prime factors of y.
3, 5
Suppose -4*l + 40 = 8. Suppose -3*s - l = -26. List the prime factors of s.
2, 3
Suppose 5*c - b = c + 24, 4*b - 24 = -4*c. List the prime factors of c.
2, 3
Suppose 7*l = -5*l + 24. What are the prime factors of l?
2
Let d(q) = -q**3 - 3*q**2 + q + 1. Let h(l) = l**2 + 2*l. Let g be h(-4). Let m be (g/6 + -2)*6. List the prime factors of d(m).
13
Let r(b) = 0*b + 2*b - 8 - 3*b. Let f be r(7). Let k = 21 + f. What are the prime factors of k?
2, 3
Let j(d) = 2*d**2 + 20*d + 22. List the prime factors of j(-15).
2, 43
Let w = 0 - 2. Let q = 3 - w. Suppose q*n - 7*s - 5 = -2*s, -19 = -n - 5*s. What are the prime factors of n?
2
Let x(u) be the first derivative of 3*u**2/2 - 5*u + 3. List the prime factors of x(5).
2, 5
Let b(j) = -j**3 + 5*j**2 + 8*j - 9. Let c be b(6). Let l = 14 + c. What are the prime factors of l?
17
Let a be (12 - 0)/((-9)/6). Let r(o) = 2*o - 17. Let h(n) = -n + 16. Let j(s) = -6*h(s) - 5*r(s). List the prime factors of j(a).
3, 7
Let i be 0 + (5 - 2 - 15). Let q be (-80)/i - 4/6. Let d = 3 + q. List the prime factors of d.
3
Let b(f) = 41*f. List the prime factors of b(1).
41
Suppose 5*z - 1 - 1 = -m, -4*m + 8 = -3*z. Suppose 3*b + 30 = -m*b. Let t = b + 10. What are the prime factors of t?
2
Suppose 2*c = -3*i + 11 - 2, -2*c + 17 = -5*i. Let x be 140/18 + 4/18. Suppose -4*w = -c*w + x. What are the prime factors of w?
2
Suppose -16*f - 408 = -19*f. List the prime factors of f.
2, 17
Let i(w) = w**2 + 3*w - 2. List the prime factors of i(3).
2
Suppose c = -5*c + 120. What are the prime factors of c?
2, 5
Suppose -4 = s + 8. Let z be -5*1*s/15. Suppose h - 30 = -z*h. List the prime factors of h.
2, 3
Suppose 3 = 4*x - 5. List the prime factors of x.
2
Let r(o) be the second derivative of 1/6*o**3 - 3/2*o**2 + 0 + 1/20*o**5 + 5/12*o**4 - o. What are the prime factors of r(-3)?
2, 3
Suppose 2*k - 4*o = -12, 4*k + o - 4*o = -19. Let n(c) = -c + 3. List the prime factors of n(k).
7
What are the prime factors of (0 + ((-4)/(-8) - 0))*234?
3, 13
Suppose -2*x = -5 - 11. Let g(j) be the second derivative of -j**4/12 + 4*j**3/3 + 5*j**2 + 2*j. List the prime factors of g(x).
2, 5
Let i(h) = -h**2 - h + 2. Let n be i(0). Let a(g) = g**2 - 2*g - 11. Let t be a(5). Suppose n*k - t*k = -24. What are the prime factors of k?
2, 3
Let r(h) = 35*h**2 + 7*h + 2. What are the prime factors of r(2)?
2, 3, 13
Let o be 4/10 + 9/15. Let y be 9 + -1 + -4 + o. Suppose y*n + 2*k - 80 = -3*k, -n + 10 = -5*k. List the prime factors of n.
3, 5
Suppose 1069 = 7*o - 695. What are the prime factors of o?
2, 3, 7
Suppose 18 = s - 10. What are the prime factors of s?
2, 7
Suppose 2*b + 58 = t, 2*b = 4*t - 243 + 41. What are the prime factors of t?
2, 3
Let s(g) = 15*g + 2. List the prime factors of s(9).
137
Let l(b) = -b - 2. Let j be l(-5). Suppose 7 = -4*q + 27. Suppose 0 = -q*a - j*x + 37, -3*a - 3*x = 2*x - 19. List the prime factors of a.
2
Suppose -n + 17 = -2. Suppose -4*k + n + 25 = -5*z, -z = -k + 8. List the prime factors of (9/z)/(3/(-12)).
3
Let x = -11 + 12. Let s(j) = 1 + 8*j + 0 + 2*j. What are the prime factors of s(x)?
11
Suppose 8 = -2*s, 16 = 3*k - 4*s - 18. List the prime factors of k.
2, 3
Suppose 2*i - 15 = -3*i. Suppose -f + 2*v = 3*v - 15, -3*v = -i. List the prime factors of f.
2, 7
Let v(s) = s**2 + 8*s - 1. List the prime factors of v(-12).
47
Let n be 70 + 11 + 6 + -3. Let z(h) = h**3 + 4*h**2 + 3*h + 3. Let m be z(-2). Suppose m*a - n = a. What are the prime factors of a?
3, 7
Let p = -54 - -76. List the prime factors of p.
2, 11
Let z(q) = 3*q**2 - 5*q - 25. List the prime factors of z(7).
3, 29
What are the prime factors of (12*1)/(3/9)?
2, 3
Let x = -150 + 210. Suppose x = 4*l - 4. List the prime factors of l.
2
Let a(m) = m**3 - 13*m**2 - 12*m - 3. Let j be (-2)/3*(1 + -22). What are the prime factors of a(j)?
5
Suppose -l + 3*l = 2*f + 26, 5*l = 2*f + 74. What are the prime factors of l?
2
Let m be (-358)/12 - 2/12. Let a = 21 + m. Let y = a + 17. List the prime factors of y.
2
Let q(u) = -u**3 + 2*u**2 + 2*u - 2. Suppose r - 4 = -2. List the prime factors of q(r).
2
Suppose 0 = -4*p + 5*x + 8, -4*p = -2*x + 4*x - 8. Suppose o + 4 = 6*o - 3*a, p*a - 2 = o. List the prime factors of o.
2
Let f = 507 - 313. List the prime factors of 8/44 + f/22.
3
Suppose -5*x - 1 = -21. What are the prime factors of 2*1/x*12?
2, 3
Let j be (1 + 2)/((-3)/(-12)). Suppose -5*z - 53 = -5*l + j, -4*l = 2*z - 34. What are the prime factors of (l/(-8))/(4/(-48))?
3, 5
Let j = -80 + 91. List the prime factors of j.
11
Let j(y) = y + 1. Let v be j(0). List the prime factors of v/((-2)/(-6)) + 1.
2
Let w(n) = -n**3 - 3*n**2 + n + 1. Suppose -11 = 3*m - u, -5*u - 16 - 9 = 5*m. What are the prime factors of w(m)?
13
List the prime factors of (14/(-5))/((36/210)/(-3)).
7
Let v(k) = k**3 - 2*k**2 + 1. Let i be v(1). Suppose 11 = -4*l - 3*q - 0*q, -3*l + 2*q + 13 = i. Let n = 2 + l. List the prime factors of n.
3
Let x = 1 + 1. Let w = x - -10. What are the prime factors of w?
2, 3
Suppose 0*f - 12 = 4*f. Let k be (3 - 4)*4/(-2). List the prime factors of (30/f)/(k/(-4)).
2, 5
Let g(i) = -i**3 - 4*i**2 + 2*i - 2. Let w be g(-4). Let b(n) = n + 5. Let u(c) = -c - 1. Let l(k) = b(k) + 2*u(k). What are the prime factors of l(w)?
13
What are the prime factors of ((-143)/22)/((-1)/4)?
2, 13
Suppose 165 = 5*n - 4*g, -g - 4*g = n - 62. Suppose 5*d = 2*q + 17, -9 = 2*q + 4*d - n. Suppose 5*f - 3*f - q = 0. List the prime factors of f.
2
Let h(a) = 0 + a**3 + 6 + 3*a**2 - 2. Let u be h(-3). Suppose -u*r + 9*r = 35. What are the prime factors of r?
7
Suppose -4*n = -6*n + 16. Let h(l) = -l**3 + 8*l**2 + 7*l - 12. What are the prime factors of h(n)?
2, 11
What are the prime factors of 64/(4 + 6/(-2))?
2
Suppose 0 = -13*w + 11*w - 20. Let o = 52 + w. List the prime factors of o.
2, 3, 7
Suppose 0 = v - 12 - 35. List the prime factors of v.
47
Suppose 3*s - 58 = -g, -3*g + 202 = -4*s - s. What are the prime factors of g?
2
Let r = 47 + 16. What are the prime factors of r?
3, 7
List the prime factors of (-3)/(-5) + 224/10.
23
Suppose 6*q = 349 + 215. What are the prime factors of q?
2, 47
Let m(v) = 2*v**2 - 9*v - 4. List the prime factors of m(11).
139
Suppose -62 - 46 = 4*h. Let w = -4 - h. List the prime factors of 6/(-12) + w/2.
11
Let i(u) = -u**3 + 13*u**2 - 10*u - 14. Let p be i(13). What are the prime factors of (p/27)/(2/(-12))?
2
Let r(o) = o. Let v be r(1). Let m be v/(-5) - 21/(-5). Suppose -m*y + 19 - 3 = 0, 4*w = -5*y + 56. List the prime factors of w.
3
Suppose 11 = 5*v - 19. Suppose 3*l = -2*l. Suppose 0 = -3*f - 2*b + 12, -5*f + b - v*b + 25 = l. What are the prime factors of f?
2
Suppose -4*q + q = 0. Suppose q = 5*u - 3*u - 32. List the prime factors of u.
2
Let y(t) = 18*t**2 + t - 1. Let c be y(1). Let o be c - (-2 + 0 + 2). Suppose 4*p + 2 - o = 0. List the prime factors of p.
2
Let r = -21 - -43. Suppose 5*q + r = 7*q. Let i = q - 7. List the prime factors of i.
2
Suppose -n - 4 - 2 = 0. What are the prime factors of (-4)/n*(-180)/(-8)?
3, 5
Suppose a - 18 = -n + 2*a, 5*a - 130 = -5*n. List the prime factors of n.
2, 11
Let n = -2 - -4. Suppose -n*t = -b - 4*t + 14, 23 = b - t. What are the prime factors of b?
2, 5
Let c(w) = -3*w - 4. Suppose 0 = -5*j - 5*f - 25, -2*j - 23 = -j - 5*f. What are the prime factors of c(j)?
2, 5
List the prime factors of 7/((-84)/8)*-18.
2, 3
Let i(u) = u**2 + u - 2. Let f be i(-3). Suppose f*y = 3*n - 4, -6*y - 3*n = -y - 22. What are the prime factors of 10 + -2*(y + -1)?
2
Let o = -9 - -16. Suppose -d - 11 = 3*b, -b = 4*d + 15 + o. List the prime factors of b/(-8) + 71/4.
2, 3
Let c be 4 + -3 + 2 - -1. Suppose 3*j = 2*i - 24, -4*i - c*j + 0*j = -8. List the prime factors of (i/4)/(1/4).
2, 3
Let b(o) = 3*o + 7. Let q(r) = 6*r + 13. Let t(p) = 7*b(p) - 4*q(p). Let h be t(-2). Suppose -h*m = -0*m -